0 and 30?
10
What is the greatest common factor of 705014 and 494?
38
Calculate the highest common divisor of 72 and 24676.
4
Calculate the highest common divisor of 116807 and 17.
17
Calculate the greatest common factor of 182865 and 167.
167
What is the highest common divisor of 673225 and 350?
175
Calculate the highest common divisor of 860 and 25112.
172
What is the highest common divisor of 2020 and 1460?
20
Calculate the greatest common divisor of 30583 and 1028.
257
What is the highest common divisor of 95 and 101755?
5
Calculate the greatest common factor of 4445246 and 52.
26
What is the highest common factor of 29239 and 63?
7
What is the highest common factor of 10496 and 902?
82
Calculate the greatest common factor of 118160 and 7.
7
Calculate the greatest common factor of 6500 and 3640.
260
What is the greatest common factor of 50988 and 2954?
14
Calculate the greatest common divisor of 231 and 1491.
21
What is the highest common factor of 7319255 and 155?
155
What is the highest common factor of 2184 and 99540?
84
Calculate the highest common divisor of 7980 and 135.
15
What is the greatest common divisor of 114 and 319542?
114
Calculate the greatest common divisor of 50310 and 1430.
130
What is the greatest common divisor of 796004 and 1832?
916
What is the highest common factor of 1452 and 542806?
242
Calculate the highest common divisor of 342 and 1065888.
18
Calculate the greatest common factor of 1708260 and 2840.
1420
Calculate the greatest common factor of 40467 and 23247.
861
What is the highest common divisor of 175 and 167975?
25
Calculate the greatest common divisor of 60 and 67788.
12
What is the greatest common factor of 9660 and 55890?
690
What is the greatest common divisor of 270 and 768330?
90
What is the greatest common divisor of 51884 and 17?
17
What is the highest common factor of 544 and 1101600?
544
Calculate the greatest common divisor of 98838 and 1539.
171
Calculate the highest common factor of 823 and 2.
1
What is the highest common factor of 36 and 730062?
18
What is the highest common divisor of 89382 and 6?
6
What is the greatest common factor of 1079 and 118109?
83
Calculate the highest common factor of 7502 and 29282.
242
What is the greatest common factor of 686 and 66885?
343
Calculate the highest common divisor of 9030 and 5934.
258
Calculate the highest common factor of 4120 and 21836.
412
What is the greatest common divisor of 67500 and 350?
50
Calculate the highest common factor of 960 and 6855.
15
Calculate the greatest common divisor of 215 and 5719.
43
Calculate the greatest common divisor of 384 and 347688.
24
What is the greatest common factor of 60628 and 828?
92
Calculate the highest common factor of 295075 and 145.
145
What is the highest common divisor of 284073 and 2484?
69
What is the highest common factor of 156 and 626301?
39
What is the highest common factor of 37 and 549931?
37
What is the greatest common factor of 1480 and 78070?
370
Calculate the highest common factor of 403075 and 701.
701
Calculate the greatest common factor of 588 and 1527918.
294
What is the greatest common divisor of 42660 and 131140?
1580
Calculate the highest common divisor of 46429 and 261.
29
What is the highest common factor of 17427 and 1998?
111
What is the highest common factor of 374 and 539869?
187
Calculate the highest common factor of 68932 and 57.
19
What is the highest common divisor of 455496 and 72?
24
Calculate the highest common divisor of 18 and 71568.
18
Calculate the highest common factor of 255880 and 40.
40
Calculate the greatest common divisor of 287 and 305983.
41
Calculate the greatest common factor of 43931 and 39203.
197
Calculate the highest common factor of 268 and 7833238.
134
Calculate the highest common divisor of 430 and 15394.
86
What is the highest common factor of 5586 and 34398?
294
Calculate the greatest common divisor of 1105 and 6069.
17
What is the highest common divisor of 8473 and 1603?
229
What is the highest common factor of 21 and 166137?
3
What is the greatest common factor of 1708 and 141736?
28
What is the highest common factor of 691648 and 606?
202
What is the highest common factor of 3020 and 294148?
604
What is the highest common divisor of 37125 and 1100?
275
Calculate the greatest common divisor of 29359 and 2805.
187
What is the highest common factor of 140 and 577640?
140
Calculate the highest common factor of 223003 and 71877.
1843
What is the greatest common factor of 190 and 429476?
38
Calculate the highest common factor of 2512 and 1088.
16
Calculate the highest common divisor of 101378 and 125404.
586
What is the greatest common divisor of 51 and 378437?
17
Calculate the highest common divisor of 1 and 3990.
1
What is the highest common divisor of 20445 and 423?
141
Calculate the greatest common divisor of 966 and 5244.
138
What is the highest common factor of 1191645 and 1843?
97
What is the greatest common divisor of 19 and 315932?
19
What is the highest common divisor of 329050 and 100?
50
Calculate the highest common factor of 771 and 2.
1
Calculate the greatest common factor of 182 and 16618.
14
What is the highest common factor of 26008 and 32?
8
Calculate the highest common divisor of 22165 and 3565.
155
Calculate the highest common divisor of 12631 and 19.
1
What is the greatest common divisor of 6042 and 28514?
106
What is the greatest common divisor of 410372 and 4?
4
What is the greatest common factor of 1032 and 138?
6
Calculate the greatest common divisor of 1008 and 838.
2
Calculate the greatest common divisor of 36775 and 1225.
25
What is the highest common divisor of 908 and 168?
4
What is the highest common factor of 2138 and 268?
2
Calculate the highest common divisor of 22532978 and 26.
26
What is the greatest common divisor of 142842 and 456?
114
Calculate the highest common factor of 40 and 1442680.
40
Calculate the highest common divisor of 159336 and 288.
72
What is the highest common divisor of 7998 and 36642?
186
Calculate the highest common factor of 146145 and 15.
15
What is the greatest common divisor of 17537 and 199368?
923
Calculate the greatest common divisor of 99 and 112629.
33
What is the greatest common factor of 182 and 123214?
182
Calculate the greatest common divisor of 14049 and 11819.
223
Calculate the highest common factor of 1892 and 43258.
86
What is the greatest common divisor of 7425 and 330165?
495
What is the highest common divisor of 8800 and 20960?
160
What is the highest common divisor of 345 and 13750665?
345
Calculate the highest common divisor of 17325 and 7095.
165
Calculate the highest common divisor of 9531 and 243.
27
What is the greatest common factor of 7931 and 203?
7
Calculate the greatest common divisor of 320 and 3040.
160
What is the greatest common factor of 1261384 and 16?
8
Calculate the highest common divisor of 309683 and 8272.
517
Calculate the greatest common factor of 1172 and 1019054.
586
What is the greatest common divisor of 142 and 22?
2
Calculate the highest common divisor of 15 and 2732100.
15
Calculate the greatest common divisor of 2827 and 18293.
11
Calculate the greatest common divisor of 23337 and 9.
9
Calculate the greatest common divisor of 50 and 79525.
25
Calculate the highest common divisor of 2877 and 651.
21
What is the greatest common divisor of 205 and 662970?
205
What is the greatest common divisor of 2860 and 17615?
65
What is the highest common divisor of 4186 and 10738?
182
What is the greatest common divisor of 32 and 2824?
8
Calculate the greatest common factor of 95292 and 117.
9
What is the highest common factor of 3335 and 15?
5
What is the greatest common divisor of 8687 and 3672?
17
Calculate the highest common factor of 16868 and 8.
4
Calculate the highest common factor of 14442 and 841.
29
Calculate the greatest common divisor of 2 and 6303.
1
Calculate the highest common divisor of 588 and 9276.
12
What is the greatest common divisor of 198 and 16346?
22
What is the highest common factor of 198165 and 33?
33
Calculate the greatest common divisor of 451760 and 80.
80
What is the highest common factor of 77938 and 28?
14
What is the greatest common factor of 253 and 7117?
11
Calculate the highest common factor of 470 and 197590.
10
Ca